 (base 13) to base 4.
1003330010021
Convert 20bbb99 (base 12) to base 8.
27565745
Convert -55100421 (base 8) to base 5.
-11012021041
-3b47a (base 15) to base 2
-101110011000111111
311263 (base 7) to base 11
37062
What is 3550e (base 15) in base 12?
82395
Convert -10101010101110111 (base 2) to base 8.
-252567
1363232 (base 10) to base 7
14405303
161661 (base 9) to base 7
563425
1805623 (base 9) to base 13
293a54
What is -321321333 (base 4) in base 2?
-111001111001111111
Convert -10101110101001101110 (base 2) to base 6.
-23155530
What is -225243435 (base 6) in base 2?
-1111111011000001101111
463256 (base 7) to base 3
11012120202
214239a (base 11) to base 16
39766f
Convert -469c5c (base 14) to base 7.
-26322045
What is 2230470 (base 8) in base 15?
bd769
Convert -213604 (base 8) to base 4.
-101132010
Convert 322231024 (base 5) to base 14.
2785a7
Convert -5301140 (base 6) to base 10.
-256884
-16716 (base 12) to base 7
-162450
1b46e (base 15) to base 13
31523
What is 3100543 (base 10) in base 2?
1011110100111101111111
1894570 (base 10) to base 15
27654a
Convert 7719b (base 12) to base 11.
a8382
Convert 1510623 (base 7) to base 4.
301321230
120123133320 (base 4) to base 7
105301545
Convert 1a44c (base 13) to base 7.
302323
Convert 1301231012 (base 4) to base 8.
1615506
What is -1221122221 (base 3) in base 8?
-112770
Convert 20c00b (base 14) to base 10.
1108587
What is -4c697 (base 15) in base 4?
-323230030
40420213 (base 5) to base 4
1033222210
What is -20473b (base 12) in base 5?
-112140011
What is 1001110001001000101 (base 2) in base 14?
84901
Convert 21121121210 (base 3) to base 8.
444612
What is -111010100110010 (base 2) in base 3?
-1112011012
What is -43807a9 (base 11) in base 8?
-35246503
What is 2414432020 (base 5) in base 8?
25350312
What is 536045 (base 7) in base 6?
2000025
Convert 2614 (base 15) to base 6.
101331
What is -20833 (base 16) in base 7?
-1063153
-3b306c (base 16) to base 7
-44654045
Convert -d99b (base 15) to base 16.
-b3de
Convert 634516 (base 7) to base 15.
2276a
Convert -119451 (base 10) to base 2.
-11101001010011011
303711 (base 10) to base 11
198201
Convert 11314315 (base 6) to base 10.
352199
What is 313202012232 (base 4) in base 10?
14557614
What is 610053 (base 7) in base 13?
38019
Convert 110001122220 (base 4) to base 14.
9a8ada
Convert -100010000011001101 (base 2) to base 13.
-4b635
Convert -364b1b (base 16) to base 14.
-6889d1
What is -13665 (base 15) in base 11?
-42801
What is -10101011111101101100 (base 2) in base 16?
-abf6c
What is -2f96a3 (base 16) in base 5?
-1244300010
Convert -120020120111 (base 3) to base 12.
-125771
-1212001210020 (base 3) to base 11
-613426
What is 1503151503 (base 6) in base 8?
107043377
Convert 343230403 (base 5) to base 12.
622a9a
40555102 (base 7) to base 3
20101022220211
What is -59783 (base 15) in base 5?
-33111243
What is -1396867 (base 13) in base 11?
-3563487
-1243304241 (base 5) to base 6
-150304544
b8932 (base 12) to base 4
323120312
Convert -3041253 (base 8) to base 6.
-25115523
What is -13200332 (base 4) in base 14?
-b30a
What is 5434394 (base 11) in base 9?
18867444
What is -1024212021 (base 5) in base 9?
-4081033
What is 12022120013 (base 4) in base 11?
a03716
383719 (base 11) to base 10
605141
Convert -1184868 (base 10) to base 13.
-326409
101100011001101101 (base 2) to base 15
38d49
Convert -236b7c (base 13) to base 4.
-3031322111
221245 (base 6) to base 16
481d
-7178783 (base 9) to base 7
-44365443
Convert 158149 (base 13) to base 7.
4343512
6b810 (base 12) to base 15
2cc93
-310245 (base 9) to base 12
-8a51b
Convert 101322332211 (base 4) to base 7.
54634566
-37113403 (base 8) to base 7
-126255011
What is -16345560 (base 7) in base 2?
-110000100100010101000
What is -11434101 (base 6) in base 4?
-1120133311
Convert 367760 (base 13) to base 15.
1aab25
Convert 1c38c (base 14) to base 2.
10001100101111000
Convert -11c04 (base 15) to base 4.
-31312000
Convert -1676242 (base 10) to base 2.
-110011001001111010010
What is -526154 (base 7) in base 10?
-90983
-144134120 (base 5) to base 9
-1404744
-34225616 (base 7) to base 14
-57887d
What is 21312321 (base 4) in base 10?
40377
Convert 5194931 (base 10) to base 7.
62104400
Convert -2092514 (base 10) to base 14.
-3c6814
Convert 73a821 (base 14) to base 12.
1386225
Convert -1302477 (base 9) to base 13.
-1bb4a3
What is 120102101111 (base 3) in base 7?
2402656
2001061 (base 7) to base 15
49c74
Convert -33e010 (base 16) to base 7.
-40616436
-15b24 (base 16) to base 6
-1523232
Convert 1010001111111010001 (base 2) to base 14.
8a557
2112110202 (base 3) to base 5
3044131
Convert -4301415 (base 7) to base 2.
-1111111010101100000
What is -3244122 (base 5) in base 12?
-28602
-433222324 (base 5) to base 12
-753631
Convert 22110 (base 15) to base 8.
323320
Convert -241103311 (base 6) to base 14.
-860575
-264dcb (base 16) to base 9
-4645413
Convert -17e3ea (base 15) to base 4.
-10123222213
-39674 (base 14) to base 4
-202132212
What is 254105 (base 10) in base 7?
2105555
What is -47cc34 (base 13) in base 9?
-3201466
1162145 (base 8) to base 9
537716
1010000001001111100011 (base 2) to base 15
36d371
What is 2b735 (base 16) in base 10?
177973
What is 10110011100111110100 (base 2) in base 6?
23434100
What is 93044 (base 10) in base 2?
10110101101110100
Convert 675056 (base 9) to base 11.
256518
-2226911 (base 12) to base 13
-1474c45
-4761a4 (base 12) to base 16
-11908c
-5444116 (base 8) to base 12
-5a50ba
What is -d7c83 (base 14) in base 4?
-1333031323
Convert -18753 (base 13) to base 15.
-e093
Convert 4b22a8 (base 12) to base 9.
2270472
-3114140 (base 6) to base 3
-21121201020
1277243 (base 12) to base 5
1413004420
What is 406562 (base 8) in base 14?
37042
What is -13311130303 (base 4) in base 16?
-1f5733
44a0e (base 16) to base 4
1010220032
Convert -195658 (base 10) to base 5.
-22230113
-100100001010101000100000 (base 2) to base 9
-18750111
What is 13310232212 (base 4) in base 2?
111110100101110100110
What is -712b3b (base 16) in base 5?
-3344313020
Convert 2e43 (base 15) to base 9.
14600
1001110100110001110011 (base 2) to base 4
21310301303
What is -233405 (base 8) in base 10?
-79621
Convert -203103 (base 9) to base 3.
-20010010010
Convert 86565 (base 10) to base 4.
111020211
Convert 11176125 (base 8) to base 15.
32d2cd
Convert 7dd2 (base 14) to base 6.
245324
What is -6157625 (base 8) in base 9?
-3054063
11103054 (base 8) to base 3
11111121110111
-11001100330 (base 4) to base 8
-5012074
-240308 (base 12) to base 11
-367606
Convert -2031641 (base 7) to base 9.
-410505
What is 2214321 (base 8) in base 3?
1010021210122
Convert -111497 (base 11) to base 12.
-86951
What is 101031210011 (base 4) in base 5?
2123341010
Convert -4620287 (base 9) to base 2.
-1001100000101111101101
1d9b50 (base 14) to base 11
667573
Convert 1548b4a (base 12) to base 2.
10000100000110001101010
Convert 110 (base 3) to base 16.
c
-466b8 (base 12) to base 15
-1ce2b
Convert -11b6a3 (base 14) to base 8.
-2242777
Convert 101110001111101001011 (base 2) to base 11.
945551
1a0e7 (base 16) to base 8
320347
Convert -44b0c5 (base 13) to base 12.
-663800
Convert 20222212220011 (base 3) to base 13.
a022c5
-21012020000011 (base 3) to base 15
-507a8a
Convert 1667223 (base 8) to base 6.
14234523
What is -5424 (base 12) in base 13?
-4291
What is -26668 (base 12) in base 15?
-1098e
What is 1426101 (base 9) in base 8?
2775477
What is 13320533 (base 7) in base 3?
2022120221222
Convert 15346222 (base 7) to base 13.
3c7ba6
Convert 10010101010010010 (base 2) to base 3.
10212211220
111001110001001010010110 (base 2) to base 4
321301022112
103001432 (base 5) to base 13
124326
1011404120 (base 5) to base 9
3778588
d4f5c (base 16) to base 9
1568484
What is -284168 (base 9) in base 7?
-1322153
Convert 14005021 (base 6) to base 12.
1a6771
Convert -202313002 (base 4) to base 13.
-4ccb7
What is -18c99 (base 15) in base 7?
-453414
-3ea017 (base 15) to base 14
-588b67
What is -100000101001011100 (base 2) in base 9?
-223382
Convert 10010011010010101100 (base 2) to base 4.
2103102230
-10110100101101000010 (base 2) to base 8
-2645502
-23020414 (base 5) to base 14
-54740
Convert 196226 (base 12) to base 11.
285214
What is -5722844 (base 11) in base 2?
-100110001101110101001010
What is -110222120 (base 3) in ba